s the highest common factor of 854 and 122?
122
What is the highest common factor of 30 and 95890?
10
Calculate the highest common factor of 935 and 224060.
85
What is the highest common divisor of 1388 and 1734653?
347
Calculate the highest common divisor of 284 and 1572.
4
What is the highest common divisor of 61 and 4112620?
61
Calculate the highest common factor of 276 and 9890.
46
What is the highest common divisor of 21 and 1669353?
21
What is the highest common factor of 7106 and 17034?
34
Calculate the greatest common factor of 2714577 and 303.
303
Calculate the greatest common factor of 13176 and 61305.
183
Calculate the greatest common factor of 50868 and 6908.
628
What is the greatest common factor of 4263 and 399?
21
What is the greatest common factor of 125 and 225?
25
What is the highest common divisor of 9296 and 5229?
581
What is the greatest common factor of 82304 and 16?
16
What is the highest common factor of 15949 and 9?
1
What is the greatest common divisor of 87657 and 366?
183
Calculate the highest common factor of 4716 and 5364.
36
Calculate the greatest common factor of 4543 and 31388.
413
What is the highest common factor of 94554 and 42?
6
Calculate the highest common divisor of 440 and 195855.
55
Calculate the highest common factor of 860 and 27540.
20
Calculate the greatest common divisor of 10 and 11983.
1
What is the highest common divisor of 539786 and 5408?
338
Calculate the greatest common factor of 43920 and 660.
60
What is the greatest common divisor of 116800 and 112?
16
Calculate the highest common factor of 7227 and 407.
11
What is the highest common factor of 104 and 187018?
26
Calculate the highest common divisor of 1340 and 3260.
20
What is the greatest common divisor of 1864 and 24280?
8
Calculate the highest common factor of 21979894 and 166.
166
Calculate the greatest common factor of 48 and 151072.
16
What is the highest common divisor of 57538 and 208?
26
What is the highest common divisor of 316496 and 11528?
1048
Calculate the highest common factor of 48727 and 749.
7
Calculate the highest common factor of 36155 and 280.
35
What is the highest common divisor of 530695 and 55?
55
What is the greatest common divisor of 14088312 and 63?
63
Calculate the greatest common divisor of 1106256 and 8.
8
Calculate the greatest common factor of 45220 and 833.
119
What is the highest common factor of 49773 and 282?
141
What is the greatest common divisor of 48959 and 849?
283
What is the greatest common factor of 6272 and 371584?
128
Calculate the greatest common factor of 359967 and 873.
291
Calculate the greatest common factor of 288 and 34992.
144
What is the greatest common factor of 6867 and 60732?
63
Calculate the greatest common divisor of 5969 and 39243.
127
What is the greatest common divisor of 1533 and 4139100?
1533
What is the greatest common factor of 4718 and 25270?
14
Calculate the greatest common divisor of 1314757 and 151.
151
What is the greatest common factor of 94032 and 954?
18
Calculate the highest common factor of 56 and 156296.
56
Calculate the greatest common divisor of 22 and 108878.
22
Calculate the greatest common divisor of 26580 and 195.
15
Calculate the highest common factor of 723 and 488507.
241
Calculate the highest common factor of 8 and 1094216.
8
Calculate the highest common divisor of 11 and 153967.
11
What is the highest common factor of 57822 and 46?
46
What is the greatest common divisor of 11 and 198473?
11
Calculate the greatest common divisor of 36 and 8703.
9
Calculate the highest common factor of 25851 and 87401.
1231
What is the highest common divisor of 588 and 142068?
12
What is the greatest common divisor of 121002 and 469?
469
What is the highest common factor of 12 and 2459346?
6
What is the highest common factor of 22970 and 10?
10
What is the greatest common factor of 72 and 2904?
24
What is the highest common divisor of 536 and 138757?
67
Calculate the greatest common factor of 114772 and 1848.
28
What is the greatest common divisor of 512 and 26776?
8
What is the highest common divisor of 356 and 517357?
89
What is the highest common factor of 60 and 18885?
15
Calculate the highest common divisor of 41837 and 2247.
107
Calculate the highest common divisor of 3653 and 109309.
281
What is the highest common divisor of 3202392 and 272?
136
Calculate the highest common divisor of 80 and 45.
5
Calculate the greatest common factor of 6004 and 9196.
76
What is the highest common divisor of 21 and 150157?
7
Calculate the greatest common factor of 1042640 and 40.
40
Calculate the greatest common divisor of 35075 and 7705.
115
Calculate the greatest common factor of 37994 and 484.
242
Calculate the greatest common factor of 38800 and 16.
16
What is the greatest common factor of 4617 and 8873?
19
What is the greatest common factor of 705 and 9635?
235
What is the greatest common divisor of 6 and 2268?
6
What is the highest common factor of 2511850 and 20?
10
Calculate the highest common factor of 8239 and 19902.
107
What is the greatest common factor of 2370 and 243330?
30
Calculate the highest common factor of 442 and 578.
34
What is the highest common factor of 750582 and 14?
14
What is the greatest common divisor of 28348 and 91758?
746
What is the greatest common divisor of 1860 and 270?
30
Calculate the greatest common divisor of 2331 and 500647.
259
What is the greatest common divisor of 46228 and 728?
364
What is the highest common factor of 5510 and 11590?
190
What is the highest common factor of 328713 and 2079?
231
What is the highest common factor of 42164 and 148?
4
Calculate the greatest common factor of 1517 and 8917.
37
Calculate the greatest common factor of 5 and 6485.
5
What is the greatest common divisor of 308 and 30646?
154
Calculate the greatest common factor of 68096 and 592.
16
What is the highest common divisor of 1034230 and 10?
10
Calculate the highest common divisor of 24234 and 378.
42
Calculate the highest common factor of 14357 and 49.
49
Calculate the greatest common divisor of 1 and 1656692.
1
What is the greatest common divisor of 60 and 7286?
2
What is the highest common factor of 8 and 428974?
2
What is the greatest common divisor of 2265 and 9?
3
Calculate the highest common factor of 186 and 3369.
3
Calculate the greatest common divisor of 1476405 and 763.
763
Calculate the highest common divisor of 149670 and 405.
45
Calculate the greatest common factor of 789906 and 1066.
1066
Calculate the highest common divisor of 2068 and 4042.
94
What is the greatest common factor of 15494 and 7112?
254
Calculate the greatest common divisor of 170196 and 8736.
156
Calculate the highest common factor of 27024 and 672.
48
Calculate the highest common factor of 21546 and 85386.
798
What is the highest common factor of 989 and 1150?
23
What is the greatest common divisor of 224559 and 297?
27
Calculate the greatest common factor of 7 and 355369.
7
What is the highest common factor of 200 and 4616?
8
What is the greatest common divisor of 502223 and 3734?
1867
What is the greatest common divisor of 92053 and 485?
97
What is the greatest common divisor of 7107 and 2875?
23
Calculate the greatest common divisor of 1435 and 351288.
287
Calculate the greatest common factor of 2445 and 115.
5
Calculate the greatest common factor of 1182 and 498.
6
What is the highest common factor of 295 and 55?
5
Calculate the greatest common factor of 15 and 1880.
5
What is the highest common divisor of 50545 and 5?
5
Calculate the greatest common factor of 48 and 88960.
16
What is the highest common factor of 22487 and 1393?
199
Calculate the greatest common divisor of 74 and 1215154.
74
Calculate the highest common factor of 31691 and 473.
473
Calculate the greatest common divisor of 308715 and 275.
55
Calculate the greatest common factor of 145741 and 17.
17
Calculate the greatest common factor of 15851 and 363.
121
Calculate the greatest common factor of 165 and 163911.
33
What is the greatest common factor of 2184 and 7896?
168
What is the highest common factor of 123301 and 323?
17
Calculate the greatest common divisor of 31 and 1622168.
31
Calculate the highest common factor of 108 and 8802.
54
Calculate the greatest common factor of 45 and 1207485.
